{"id":16,"date":"2025-11-14T23:44:46","date_gmt":"2025-11-14T23:44:46","guid":{"rendered":"https:\/\/rrgrupoasesores.com\/?page_id=16"},"modified":"2025-11-20T01:58:04","modified_gmt":"2025-11-20T01:58:04","slug":"sistemas","status":"publish","type":"page","link":"https:\/\/rrgrupoasesores.com\/index.php\/sistemas\/","title":{"rendered":"Sistemas"},"content":{"rendered":"<p>[et_pb_section fb_built=\u00bb1&#8243; admin_label=\u00bbHeader\u00bb _builder_version=\u00bb4.27.4&#8243; _module_preset=\u00bb14f8fd53-cb3a-4224-be88-783cf3ac5ab2&#8243; background_color_gradient_stops=\u00bbgcid-d119accd-44d7-4f2f-b9d7-599c8463324b 0%|rgba(255,255,255,0) 25%|rgba(7,33,48,0.6) 61%|#0f394f 100%\u00bb background_image=\u00bbhttps:\/\/rrgrupoasesores.com\/wp-content\/uploads\/2025\/11\/circuit-3682709_640.jpg\u00bb background_enable_image=\u00bbon\u00bb collapsed=\u00bbon\u00bb global_colors_info=\u00bb{%22gcid-1f1bf5fb-a99d-4acc-8d9e-ddac074c158c%22:%91%22background_color_gradient_stops%22,%22background_color_gradient_stops%22%93,%22gcid-4c79ba3d-a281-4fb6-9b14-02f9a4c793f2%22:%91%22background_color_gradient_stops%22,%22background_color_gradient_stops%22%93,%22gcid-688c464a-d6f2-4296-b592-395352c71c79%22:%91%22background_color_gradient_stops%22,%22background_color_gradient_stops%22%93,%22gcid-d119accd-44d7-4f2f-b9d7-599c8463324b%22:%91%22background_color_gradient_stops%22,%22background_color_gradient_stops%22%93}\u00bb][et_pb_row _builder_version=\u00bb4.25.1&#8243; _module_preset=\u00bbdefault\u00bb global_colors_info=\u00bb{}\u00bb][et_pb_column type=\u00bb4_4&#8243; _builder_version=\u00bb4.25.1&#8243; _module_preset=\u00bbdefault\u00bb global_colors_info=\u00bb{}\u00bb][et_pb_heading title=\u00bbRR GRUPO ASESORES\u00bb _builder_version=\u00bb4.27.4&#8243; _module_preset=\u00bbde722318-d1b1-484d-a584-6838a39f5f3a\u00bb title_text_align=\u00bbcenter\u00bb title_text_color=\u00bb#FFFFFF\u00bb custom_margin=\u00bb||10px||false|false\u00bb global_colors_info=\u00bb{}\u00bb][\/et_pb_heading][et_pb_text _builder_version=\u00bb4.27.4&#8243; _module_preset=\u00bb27ba0d9d-365a-43f1-9ecb-e616db1ec3f1&#8243; text_text_color=\u00bb#FFFFFF\u00bb text_font_size=\u00bb23px\u00bb text_orientation=\u00bbcenter\u00bb global_colors_info=\u00bb{}\u00bb]<\/p>\n<p><b>Reparaci\u00f3n y mantenimiento de computadoras<\/b>.<\/p>\n<p>[\/et_pb_text][\/et_pb_column][\/et_pb_row][\/et_pb_section][et_pb_section fb_built=\u00bb1&#8243; admin_label=\u00bbStats\u00bb _builder_version=\u00bb4.27.4&#8243; _module_preset=\u00bbb39e1851-60ed-42ca-af95-0a3ba02b1495&#8243; collapsed=\u00bbon\u00bb global_colors_info=\u00bb{}\u00bb][et_pb_row _builder_version=\u00bb4.25.1&#8243; _module_preset=\u00bbdefault\u00bb global_colors_info=\u00bb{}\u00bb][et_pb_column type=\u00bb4_4&#8243; _builder_version=\u00bb4.25.1&#8243; _module_preset=\u00bbdefault\u00bb global_colors_info=\u00bb{}\u00bb][et_pb_heading title=\u00bbReparaci\u00f3n Laptops y Apple-Mac\u00bb _builder_version=\u00bb4.27.4&#8243; _module_preset=\u00bb41968305-9a84-40cb-8eaa-1838779eaf36&#8243; title_text_align=\u00bbcenter\u00bb title_text_color=\u00bb#FFFFFF\u00bb animation_style=\u00bbfold\u00bb global_colors_info=\u00bb{}\u00bb][\/et_pb_heading][\/et_pb_column][\/et_pb_row][et_pb_row column_structure=\u00bb3_5,2_5&#8243; _builder_version=\u00bb4.25.1&#8243; _module_preset=\u00bbdefault\u00bb custom_padding=\u00bb8px|||||\u00bb global_colors_info=\u00bb{}\u00bb][et_pb_column type=\u00bb3_5&#8243; _builder_version=\u00bb4.25.1&#8243; _module_preset=\u00bbdefault\u00bb global_colors_info=\u00bb{}\u00bb][et_pb_text _builder_version=\u00bb4.27.4&#8243; _module_preset=\u00bb484b7926-2c2e-456f-98f3-5b3280c3f928&#8243; text_orientation=\u00bbcenter\u00bb animation_style=\u00bbfade\u00bb]<\/p>\n<p style=\"text-align: left;\">&#8211; <strong>Diagn\u00f3stico y Reparaci\u00f3n Integral.<\/strong><\/p>\n<p style=\"text-align: left;\"><strong>&#8211; Cambios de piezas y pantalla.<\/strong><\/p>\n<p style=\"text-align: left;\"><strong>&#8211; Informes financieros mensuales y anuales<\/strong><\/p>\n<p style=\"text-align: left;\"><strong>&#8211; Soluciones de Sobrecalentamientos<\/strong><\/p>\n<p style=\"text-align: left;\"><strong>&#8211; Mejoras Hardware y Software.<\/strong><\/p>\n<p style=\"text-align: left;\"><strong>&#8211; Cotizaciones Laptops, Pc\u2019s de escritorio e impresoras.<\/strong><\/p>\n<p style=\"text-align: left;\"><strong>&#8211; Recuperaci\u00f3n de datos de disco duro. <\/strong><\/p>\n<p style=\"text-align: left;\"><strong>&#8211; Cambio de Bater\u00edas.<\/strong><b><br \/><\/b><\/p>\n<p>[\/et_pb_text][\/et_pb_column][et_pb_column type=\u00bb2_5&#8243; _builder_version=\u00bb4.25.1&#8243; _module_preset=\u00bbdefault\u00bb global_colors_info=\u00bb{}\u00bb][et_pb_image src=\u00bbhttps:\/\/rrgrupoasesores.com\/wp-content\/uploads\/2025\/11\/descarga-2.png\u00bb title_text=\u00bbdescarga (2)\u00bb _builder_version=\u00bb4.27.4&#8243; _module_preset=\u00bbdefault\u00bb custom_margin=\u00bb||||false|false\u00bb animation_style=\u00bbslide\u00bb border_radii=\u00bbon|25px|25px|25px|25px\u00bb global_colors_info=\u00bb{}\u00bb][\/et_pb_image][et_pb_image src=\u00bbhttps:\/\/rrgrupoasesores.com\/wp-content\/uploads\/2025\/11\/descarga-3.png\u00bb title_text=\u00bbdescarga (3)\u00bb _builder_version=\u00bb4.27.4&#8243; _module_preset=\u00bbdefault\u00bb custom_margin=\u00bb||||false|false\u00bb animation_style=\u00bbslide\u00bb border_radii=\u00bbon|25px|25px|25px|25px\u00bb global_colors_info=\u00bb{}\u00bb][\/et_pb_image][\/et_pb_column][\/et_pb_row][\/et_pb_section][et_pb_section fb_built=\u00bb1&#8243; admin_label=\u00bbStats\u00bb _builder_version=\u00bb4.27.4&#8243; _module_preset=\u00bbb39e1851-60ed-42ca-af95-0a3ba02b1495&#8243; background_color=\u00bb#FFFFFF\u00bb collapsed=\u00bbon\u00bb global_colors_info=\u00bb{%22gcid-1f1bf5fb-a99d-4acc-8d9e-ddac074c158c%22:%91%22background_color_gradient_stops%22%93,%22gcid-a78660e1-cfc7-4771-a566-6834d6a7f06a%22:%91%22background_color_gradient_stops%22%93,%22gcid-24b0db87-dafa-47d9-995f-b90181e18c52%22:%91%22background_color_gradient_stops%22%93}\u00bb][et_pb_row _builder_version=\u00bb4.25.1&#8243; _module_preset=\u00bbdefault\u00bb global_colors_info=\u00bb{}\u00bb][et_pb_column type=\u00bb4_4&#8243; _builder_version=\u00bb4.25.1&#8243; _module_preset=\u00bbdefault\u00bb global_colors_info=\u00bb{}\u00bb][et_pb_heading title=\u00bbInstalaci\u00f3n y reparaci\u00f3n de c\u00e1maras de seguridad\u00bb _builder_version=\u00bb4.27.4&#8243; _module_preset=\u00bb41968305-9a84-40cb-8eaa-1838779eaf36&#8243; title_text_align=\u00bbcenter\u00bb title_text_color=\u00bb#0f394f\u00bb animation_style=\u00bbfold\u00bb global_colors_info=\u00bb{}\u00bb][\/et_pb_heading][\/et_pb_column][\/et_pb_row][et_pb_row column_structure=\u00bb3_5,2_5&#8243; _builder_version=\u00bb4.27.4&#8243; _module_preset=\u00bbdefault\u00bb custom_padding=\u00bb10px|||||\u00bb global_colors_info=\u00bb{}\u00bb][et_pb_column type=\u00bb3_5&#8243; _builder_version=\u00bb4.25.1&#8243; _module_preset=\u00bbdefault\u00bb global_colors_info=\u00bb{}\u00bb][et_pb_text _builder_version=\u00bb4.27.4&#8243; _module_preset=\u00bb484b7926-2c2e-456f-98f3-5b3280c3f928&#8243; text_text_color=\u00bb#0f394f\u00bb text_orientation=\u00bbcenter\u00bb animation_style=\u00bbslide\u00bb hover_enabled=\u00bb0&#8243; sticky_enabled=\u00bb0&#8243;]<\/p>\n<p style=\"text-align: left;\"><strong>&#8211; Asesor\u00eda.<\/strong><\/p>\n<p style=\"text-align: left;\"><strong>&#8211; Venta de c\u00e1maras. <\/strong><\/p>\n<p style=\"text-align: left;\"><strong>&#8211; Instalaci\u00f3n de c\u00e1maras de seguridad.<\/strong><\/p>\n<p style=\"text-align: left;\"><strong>&#8211; Mantenimiento y Reparaci\u00f3n.<\/strong><\/p>\n<p style=\"text-align: left;\">\n<p style=\"text-align: left;\">\n<p style=\"text-align: left;\">\n<p><strong>SERVICIO A DOMICILIO SIN COSTO EN LA CIUDAD DE M\u00c9XICO. <\/strong><\/p>\n<p>[\/et_pb_text][\/et_pb_column][et_pb_column type=\u00bb2_5&#8243; _builder_version=\u00bb4.25.1&#8243; _module_preset=\u00bbdefault\u00bb global_colors_info=\u00bb{}\u00bb][et_pb_image src=\u00bbhttps:\/\/rrgrupoasesores.com\/wp-content\/uploads\/2025\/11\/jobsite-security-camera-2427499_640.jpg\u00bb title_text=\u00bbjobsite-security-camera-2427499_640&#8243; _builder_version=\u00bb4.27.4&#8243; _module_preset=\u00bbdefault\u00bb custom_margin=\u00bb||||false|false\u00bb animation_style=\u00bbslide\u00bb border_radii=\u00bbon|25px|25px|25px|25px\u00bb global_colors_info=\u00bb{}\u00bb][\/et_pb_image][\/et_pb_column][\/et_pb_row][\/et_pb_section][et_pb_section fb_built=\u00bb1&#8243; admin_label=\u00bbFooter\u00bb _builder_version=\u00bb4.27.4&#8243; _module_preset=\u00bbb39e1851-60ed-42ca-af95-0a3ba02b1495&#8243; saved_tabs=\u00bball\u00bb locked=\u00bboff\u00bb collapsed=\u00bbon\u00bb global_colors_info=\u00bb{}\u00bb][et_pb_row column_structure=\u00bb1_3,1_3,1_3&#8243; _builder_version=\u00bb4.25.1&#8243; _module_preset=\u00bbdefault\u00bb locked=\u00bboff\u00bb global_colors_info=\u00bb{}\u00bb][et_pb_column type=\u00bb1_3&#8243; _builder_version=\u00bb4.25.1&#8243; _module_preset=\u00bbdefault\u00bb global_colors_info=\u00bb{}\u00bb][et_pb_heading title=\u00bbContacto\u00bb _builder_version=\u00bb4.27.4&#8243; _module_preset=\u00bb36fddbb5-1902-4db6-9600-d9050c8812c7&#8243; title_text_color=\u00bb#FFFFFF\u00bb title_font_size=\u00bb21px\u00bb custom_margin=\u00bb||10px||false|false\u00bb locked=\u00bboff\u00bb global_colors_info=\u00bb{}\u00bb][\/et_pb_heading][et_pb_heading title=\u00bbT\u00e9lefonos\u00bb _builder_version=\u00bb4.27.4&#8243; _module_preset=\u00bb36fddbb5-1902-4db6-9600-d9050c8812c7&#8243; title_text_color=\u00bb#FFFFFF\u00bb title_font_size=\u00bb21px\u00bb custom_margin=\u00bb||8px||false|false\u00bb locked=\u00bboff\u00bb global_colors_info=\u00bb{}\u00bb][\/et_pb_heading][et_pb_text _builder_version=\u00bb4.27.4&#8243; _module_preset=\u00bb484b7926-2c2e-456f-98f3-5b3280c3f928&#8243; custom_margin=\u00bb||8px||false|false\u00bb]<\/p>\n<p>55 9679 8621<\/p>\n<p>[\/et_pb_text][et_pb_heading title=\u00bbWhastApp\u00bb _builder_version=\u00bb4.27.4&#8243; _module_preset=\u00bb36fddbb5-1902-4db6-9600-d9050c8812c7&#8243; title_text_color=\u00bb#FFFFFF\u00bb custom_margin=\u00bb||8px||false|false\u00bb locked=\u00bboff\u00bb global_colors_info=\u00bb{}\u00bb][\/et_pb_heading][et_pb_text _builder_version=\u00bb4.27.4&#8243; _module_preset=\u00bb484b7926-2c2e-456f-98f3-5b3280c3f928&#8243; custom_margin=\u00bb||8px||false|false\u00bb]<\/p>\n<p>55 1796 1627<\/p>\n<p>[\/et_pb_text][et_pb_text _builder_version=\u00bb4.27.4&#8243; _module_preset=\u00bb484b7926-2c2e-456f-98f3-5b3280c3f928&#8243; custom_margin=\u00bb||8px||false|false\u00bb]<\/p>\n<p>Oficinas<\/p>\n<p>[\/et_pb_text][et_pb_text _builder_version=\u00bb4.27.4&#8243; _module_preset=\u00bb484b7926-2c2e-456f-98f3-5b3280c3f928&#8243; custom_margin=\u00bb||8px||false|false\u00bb]<\/p>\n<p>Malintzin 14 B, Col. Portales Oriente, C.P. 03570, Alcald\u00eda Benito Juarez, CDMX<\/p>\n<p>[\/et_pb_text][\/et_pb_column][et_pb_column type=\u00bb1_3&#8243; _builder_version=\u00bb4.25.1&#8243; _module_preset=\u00bbdefault\u00bb global_colors_info=\u00bb{}\u00bb][et_pb_heading title=\u00bbRedes Sociales\u00bb _builder_version=\u00bb4.27.4&#8243; _module_preset=\u00bb36fddbb5-1902-4db6-9600-d9050c8812c7&#8243; title_text_color=\u00bb#FFFFFF\u00bb title_font_size=\u00bb21px\u00bb custom_margin=\u00bb||8px||false|false\u00bb locked=\u00bboff\u00bb global_colors_info=\u00bb{}\u00bb][\/et_pb_heading][et_pb_social_media_follow _builder_version=\u00bb4.27.4&#8243; _module_preset=\u00bbdefault\u00bb global_colors_info=\u00bb{}\u00bb][et_pb_social_media_follow_network social_network=\u00bbfacebook\u00bb icon_color=\u00bb#0C71C3&#8243; use_icon_font_size=\u00bbon\u00bb icon_font_size=\u00bb18px\u00bb _builder_version=\u00bb4.27.4&#8243; _module_preset=\u00bbdefault\u00bb background_color=\u00bb#FFFFFF\u00bb background_enable_color=\u00bbon\u00bb global_colors_info=\u00bb{}\u00bb follow_button=\u00bboff\u00bb url_new_window=\u00bbon\u00bb]facebook[\/et_pb_social_media_follow_network][et_pb_social_media_follow_network social_network=\u00bbinstagram\u00bb icon_color=\u00bb#0C71C3&#8243; use_icon_font_size=\u00bbon\u00bb icon_font_size=\u00bb18px\u00bb _builder_version=\u00bb4.27.4&#8243; _module_preset=\u00bbdefault\u00bb background_color=\u00bb#FFFFFF\u00bb background_enable_color=\u00bbon\u00bb global_colors_info=\u00bb{}\u00bb follow_button=\u00bboff\u00bb url_new_window=\u00bbon\u00bb]instagram[\/et_pb_social_media_follow_network][\/et_pb_social_media_follow][et_pb_image src=\u00bb@ET-DC@eyJkeW5hbWljIjp0cnVlLCJjb250ZW50Ijoic2l0ZV9sb2dvIiwic2V0dGluZ3MiOnt9fQ==@\u00bb title_text=\u00bbdivi-logo-mark-white\u00bb url=\u00bb@ET-DC@eyJkeW5hbWljIjp0cnVlLCJjb250ZW50IjoiaG9tZV91cmwiLCJzZXR0aW5ncyI6e319@\u00bb _builder_version=\u00bb4.27.4&#8243; _dynamic_attributes=\u00bbsrc,url\u00bb _module_preset=\u00bbdefault\u00bb max_height=\u00bb64px\u00bb custom_margin=\u00bb||20px||false|false\u00bb global_colors_info=\u00bb{}\u00bb][\/et_pb_image][\/et_pb_column][et_pb_column type=\u00bb1_3&#8243; _builder_version=\u00bb4.25.1&#8243; _module_preset=\u00bbdefault\u00bb global_colors_info=\u00bb{}\u00bb][et_pb_code _builder_version=\u00bb4.27.4&#8243; _module_preset=\u00bbdefault\u00bb global_colors_info=\u00bb{}\u00bb]<iframe src=\"https:\/\/www.google.com\/maps\/embed?pb=!1m18!1m12!1m3!1d3764.0856516236818!2d-99.14141182604072!3d19.36544364282465!2m3!1f0!2f0!3f0!3m2!1i1024!2i768!4f13.1!3m3!1m2!1s0x85d1fe49756f7deb%3A0xfacee59cd4209ce8!2sMalintzin%2014B%2C%20Portales%20Oriente%2C%20Benito%20Ju%C3%A1rez%2C%2003570%20Ciudad%20de%20M%C3%A9xico%2C%20CDMX!5e0!3m2!1ses!2smx!4v1763575144812!5m2!1ses!2smx\" width=\"400\" height=\"300\" style=\"border:0;\" allowfullscreen=\"\" loading=\"lazy\" referrerpolicy=\"no-referrer-when-downgrade\"><\/iframe>[\/et_pb_code][\/et_pb_column][\/et_pb_row][\/et_pb_section]<\/p>\n","protected":false},"excerpt":{"rendered":"<p>Reparaci\u00f3n y mantenimiento de computadoras.- Diagn\u00f3stico y Reparaci\u00f3n Integral. &#8211; Cambios de piezas y pantalla. &#8211; Informes financieros mensuales y anuales &#8211; Soluciones de Sobrecalentamientos &#8211; Mejoras Hardware y Software. &#8211; Cotizaciones Laptops, Pc\u2019s de escritorio e impresoras. &#8211; Recuperaci\u00f3n de datos de disco duro. &#8211; Cambio de Bater\u00edas.- Asesor\u00eda. &#8211; Venta de c\u00e1maras. &#8211; [&hellip;]<\/p>\n","protected":false},"author":1,"featured_media":0,"parent":0,"menu_order":0,"comment_status":"closed","ping_status":"closed","template":"","meta":{"_et_pb_use_builder":"on","_et_pb_old_content":"","_et_gb_content_width":"","_joinchat":[],"footnotes":""},"class_list":["post-16","page","type-page","status-publish","hentry"],"_links":{"self":[{"href":"https:\/\/rrgrupoasesores.com\/index.php\/wp-json\/wp\/v2\/pages\/16","targetHints":{"allow":["GET"]}}],"collection":[{"href":"https:\/\/rrgrupoasesores.com\/index.php\/wp-json\/wp\/v2\/pages"}],"about":[{"href":"https:\/\/rrgrupoasesores.com\/index.php\/wp-json\/wp\/v2\/types\/page"}],"author":[{"embeddable":true,"href":"https:\/\/rrgrupoasesores.com\/index.php\/wp-json\/wp\/v2\/users\/1"}],"replies":[{"embeddable":true,"href":"https:\/\/rrgrupoasesores.com\/index.php\/wp-json\/wp\/v2\/comments?post=16"}],"version-history":[{"count":24,"href":"https:\/\/rrgrupoasesores.com\/index.php\/wp-json\/wp\/v2\/pages\/16\/revisions"}],"predecessor-version":[{"id":264,"href":"https:\/\/rrgrupoasesores.com\/index.php\/wp-json\/wp\/v2\/pages\/16\/revisions\/264"}],"wp:attachment":[{"href":"https:\/\/rrgrupoasesores.com\/index.php\/wp-json\/wp\/v2\/media?parent=16"}],"curies":[{"name":"wp","href":"https:\/\/api.w.org\/{rel}","templated":true}]}}